9 divide 2677659?
False
Is 4358109 a multiple of 161?
True
Is 522009 a multiple of 1310?
False
Is 1057854 a multiple of 6?
True
Is 162797 a multiple of 23?
False
Is 124740 a multiple of 140?
True
Is 343677 a multiple of 73?
False
Does 18 divide 1462842?
True
Is 73 a factor of 17301?
True
Is 48 a factor of 1112777?
False
Is 166935 a multiple of 31?
True
Is 126 a factor of 20227788?
True
Does 10 divide 227641?
False
Is 4 a factor of 31852?
True
Is 279812 a multiple of 26?
True
Is 1068592 a multiple of 7?
True
Is 4 a factor of 239559?
False
Is 524 a factor of 348547?
False
Is 30 a factor of 3904005?
False
Is 3 a factor of 67425?
True
Is 558 a factor of 18814660?
False
Is 714615 a multiple of 61?
True
Is 6 a factor of 5738953?
False
Is 100070 a multiple of 71?
False
Does 878 divide 4174012?
True
Is 1286288 a multiple of 324?
False
Does 48 divide 1897271?
False
Is 4835582 a multiple of 76?
False
Is 56 a factor of 243768?
True
Is 238 a factor of 178351?
False
Does 8 divide 227821?
False
Is 10101795 a multiple of 7?
False
Is 153994 a multiple of 74?
True
Is 207 a factor of 101004?
False
Is 28 a factor of 160422?
False
Does 7 divide 3494862?
True
Is 15 a factor of 2917473?
False
Does 10 divide 12621?
False
Is 338 a factor of 2270684?
True
Is 716767 a multiple of 228?
False
Does 6 divide 26752?
False
Does 32 divide 1585188?
False
Is 640 a factor of 1110870?
False
Is 213 a factor of 532500?
True
Does 5 divide 86540?
True
Is 12504120 a multiple of 19?
False
Is 56 a factor of 1279849?
False
Is 19551 a multiple of 3?
True
Does 6 divide 836322?
True
Is 105 a factor of 2255085?
True
Is 13 a factor of 8851532?
False
Is 68 a factor of 934171?
False
Is 250 a factor of 127000?
True
Does 102 divide 183396?
True
Is 6 a factor of 833016?
True
Is 1868540 a multiple of 22?
False
Is 440 a factor of 2984520?
True
Is 87388 a multiple of 7?
True
Does 508 divide 13361837?
False
Is 5158250 a multiple of 94?
True
Does 56 divide 64904?
True
Does 60 divide 1445702?
False
Is 6 a factor of 376992?
True
Is 1668681 a multiple of 81?
True
Is 1605164 a multiple of 130?
False
Is 11636 a multiple of 4?
True
Does 634 divide 3110913?
False
Does 16 divide 8554432?
True
Does 1946 divide 10825598?
True
Is 368781 a multiple of 21?
True
Is 18 a factor of 264875?
False
Does 281 divide 9788635?
True
Is 313094 a multiple of 2?
True
Is 324 a factor of 12013821?
False
Is 4 a factor of 15024?
True
Is 81200 a multiple of 80?
True
Is 32 a factor of 5524096?
True
Does 7 divide 84070?
True
Is 3469016 a multiple of 1157?
False
Is 637 a factor of 929383?
True
Is 5391820 a multiple of 19?
True
Is 702536 a multiple of 95?
False
Is 130036 a multiple of 58?
True
Does 6 divide 26771?
False
Is 145 a factor of 59015?
True
Does 3 divide 3112350?
True
Is 1180979 a multiple of 33?
False
Is 634931 a multiple of 293?
True
Is 10962 a multiple of 7?
True
Is 35024 a multiple of 176?
True
Is 3954269 a multiple of 442?
False
Is 54129 a multiple of 190?
False
Does 38 divide 1278816?
False
Is 2508659 a multiple of 1174?
False
Is 538378 a multiple of 48?
False
Does 3 divide 6462?
True
Is 617750 a multiple of 175?
True
Does 24 divide 31258435?
False
Is 57880 a multiple of 17?
False
Is 5 a factor of 1594860?
True
Is 15349 a multiple of 9?
False
Is 27 a factor of 3560328?
True
Is 5 a factor of 140720?
True
Does 227 divide 438337?
True
Is 39 a factor of 308061?
True
Does 82 divide 59082?
False
Is 4098432 a multiple of 11?
False
Is 2 a factor of 505297?
False
Is 471 a factor of 3875859?
True
Is 259305 a multiple of 3?
True
Is 8 a factor of 331799?
False
Is 184190 a multiple of 25?
False
Is 133320 a multiple of 67?
False
Is 1402100 a multiple of 10?
True
Is 6 a factor of 301491?
False
Is 38 a factor of 763762?
True
Does 7 divide 53603?
False
Is 361674 a multiple of 30?
False
Is 5552464 a multiple of 32?
False
Is 159 a factor of 191595?
True
Is 7470099 a multiple of 13?
True
Is 10309 a multiple of 69?
False
Is 22585286 a multiple of 51?
False
Is 1731958 a multiple of 651?
False
Does 60 divide 633240?
True
Is 47 a factor of 617968?
False
Is 11 a factor of 1885367?
True
Is 308261 a multiple of 35?
False
Is 17 a factor of 165973?
False
Is 100030 a multiple of 7?
True
Is 2444937 a multiple of 123?
False
Does 55 divide 88578?
False
Is 6 a factor of 73890?
True
Is 1630368 a multiple of 544?
True
Is 212824 a multiple of 37?
True
Is 9 a factor of 76725?
True
Is 66 a factor of 25887037?
False
Does 634 divide 247452?
False
Is 16543730 a multiple of 35?
True
Does 150 divide 160050?
True
Is 16 a factor of 110076?
False
Is 243 a factor of 51525?
False
Is 14 a factor of 1596280?
True
Does 213 divide 288513?
False
Is 38953 a multiple of 15?
False
Is 2311388 a multiple of 68?
True
Is 53 a factor of 90047?
True
Is 37 a factor of 4899118?
False
Is 110 a factor of 5430370?
True
Does 639 divide 2628207?
True
Is 450076 a multiple of 22?
True
Does 23 divide 842534?
False
Is 31 a factor of 1607753?
True
Is 336414 a multiple of 6?
True
Is 8 a factor of 2094136?
True
Does 1180 divide 4248000?
True
Is 81 a factor of 4771224?
True
Is 6304460 a multiple of 52?
False
Is 2486868 a multiple of 49?
False
Is 82 a factor of 585726?
True
Does 8 divide 2841312?
True
Does 19 divide 12526?
False
Does 7 divide 40740?
True
Is 564675 a multiple of 15?
True
Is 198 a factor of 283701?
False
Is 1054 a factor of 13902598?
False
Is 219 a factor of 7105056?
False
Is 13 a factor of 333407?
False
Is 614 a factor of 356160?
False
Does 18 divide 994896?
True
Is 2601358 a multiple of 17?
False
Is 25 a factor of 113350?
True
Does 143 divide 272844?
True
Is 108590 a multiple of 10?
True
Is 44 a factor of 50568?
False
Is 190 a factor of 1765306?
False
Is 215796 a multiple of 196?
True
Does 23 divide 299?
True
Is 4916085 a multiple of 13?
False
Is 23 a factor of 2867318?
True
Is 14732 a multiple of 362?
False
Is 3620424 a multiple of 7?
False
Is 28490 a multiple of 55?
True
Is 763 a factor of 1309610?
False
Is 4 a factor of 1934858?
False
Is 780695 a multiple of 37?
False
Does 24 divide 86138?
False
Is 263884 a multiple of 122?
False
Is 759655 a multiple of 24?
False
Is 2826062 a multiple of 155?
False
Is 1245855 a multiple of 3?
True
Does 53 divide 108067?
True
Does 43 divide 5945807?
False
Is 10 a factor of 131584?
False
Does 114 divide 3189970?
False
Does 141 divide 311469?
True
Is 219485 a multiple of 35?
True
Is 49 a factor of 4064428?
False
Is 26172 a multiple of 3?
True
Does 26 divide 521114?
False
Does 10 divide 1263190?
True
Is 886996 a multiple of 22?
True
Is 46 a factor of 349866?
False
Is 11 a factor of 175146?
False
Is 37216 a multiple of 53?
False
Is 138138 a multiple of 77?
True
Is 16149107 a multiple of 247?
True
Does 166 divide 2527018?
True
Is 5744520 a multiple of 15?
True
Does 25 divide 236672?
False
Does 28 divide 90524?
True
Is 183570 a multiple of 211?
True
Is 41 a factor of 9314?
False
Is 45 a factor of 2490217?
False
Does 27 divide 107542?
False
Does 145 divide 3516105?
True
Is 98719 a multiple of 17?
True
Is 185007 a multiple of 743?
True
Does 44 divide 1649910?
False
Does 15 divide 10642027?
False
Is 2735512 a multiple of 116?
True
Is 186 a multiple of 92?
False
Is 92 a factor of 146104?
False
Is 400 a factor of 3431200?
True
Does 9 divide 307890?
True
Is 15524674 a multiple of 346?
True
Is 15 a factor of 15418780?
False
Is 4300086 a multiple of 43?
True
Does 26 divide 217854?
True
Is 1016190 a multiple of 126?
True
Is 67222 a multiple of 9?
False
Is 2798872 a multiple of 89?
True
Is 49 a factor of 380730?
True
Does 45 divide 159300?
True
Is 386019 a multiple of 459?
True
Is 17 a factor of 1889095?
False
Is 384 a factor of 1569102?
False
Is 25 a factor of 5350?
True
Does 752 divide 16540240?
True
Is 10 a factor of 1556730?
True
Is 201832 a multiple of 4?
True
Is 3 a factor of 447?
True
Is 7 a factor of 4984567?
True
Does 51 divide 664056?
False
Is 27620 a multiple of 14?
False
Is 5051360 a multiple of 80?
True
Is 645834 a multiple of 42?
True
Is 161 a factor of 371266?
True
Does 620 divide 20031580?
True
Does 54 divide 2450976?
False
Is 13 a factor of 246669?
False
Is 869851 a multiple of 4?
False
Is 17 a factor of 96402?
False
Does 17 divide 10017?
False
Is 12285 a multiple of 45?
True
Does 122 divide 9394?
True
Is 367906 a multiple of 323?
False
Is 1